-12
(-5 + 8 - 6) + -14 + 0
-17
What is (565 - 563) + -5 + 1 + -3 - -1?
-4
What is (-29 - -20) + (47 - (8 + -6 - -7))?
29
What is the value of (-10 - (-1 + (7 - 9))) + -2 + -1?
-10
Calculate 7 - (-6 + 19 - -19) - 9.
-34
What is the value of 9 + (-8 - 3) + 27 + 2?
27
Calculate (-18 - -2) + (-6 - -30 - 24) + -12.
-28
Evaluate 21 - (50 + -24) - (-3 + (4 - 2)).
-4
Evaluate 15 + -26 - (-2 + 1) - -13.
3
What is 6 + -2 + (-10 + -7 + 21 - 7)?
1
Evaluate 3 - (-23 - -31) - 3.
-8
Evaluate (14 - 2) + (36 - 43).
5
Calculate 16 + 8 + (3 - 39).
-12
0 + -11 - (-10 - (-14 - (-13 - -3)))
-5
What is the value of 12 - (-11 + (27 - 6) + -21)?
23
What is 9 + (-2 + 10 - 15) + (-3 - -13)?
12
What is the value of 19 - 1 - (-11 + 2 + -4 + 12)?
19
What is 2 + -12 - (2 + -3 - -8 - 6)?
-11
What is (6 - 3) + (-1 - (2 + -1 + -5))?
6
Calculate -91 - (-31 - 1) - -32.
-27
Evaluate 16 + (10 - 23) + 4.
7
What is (3 - 6) + (2 + -8 - 19)?
-28
What is 11 + 25 + -8 + -14?
14
What is (0 + -11 - -12) + (6 - 3) + 4?
8
What is 0 + -1 - (15 + (-11 + 12 - 7))?
-10
Evaluate (-10 - -26 - -10) + -2 + 3 + -6.
21
Calculate 11 + (2 - (-11 - 2)) + 0 + -3.
23
What is -26 + 27 + -27 + 9?
-17
What is the value of -43 + (40 - 10) + 25?
12
What is the value of (-11 + -3 - (0 + -7)) + -3 + 2?
-8
(-6 - (7 - (-7 + 2 + 7))) + -3
-14
(10 - (24 + -30)) + -18
-2
Calculate 2 - (-3 + -1 - 2 - -7).
1
Evaluate 4 - 1 - 9 - -6 - (10 - 12).
2
What is the value of -3 + 14 + (-26 - -17) - 13?
-11
What is the value of (14 - 30 - 1) + (22 - 3)?
2
Calculate 28 + -2 - (-974 + 1020).
-20
What is 380 + -387 + (-1 + -7 - (0 + -1))?
-14
What is 8 + (-2 + 2 - (-7 + 0) - 14)?
1
Calculate ((1 - -5) + 3 - 5) + 0.
4
Calculate (-14 - (-10 - -11)) + 27 + -12.
0
Evaluate -1 + -1 + -2 + 44 + -22 + -2.
16
What is the value of 14 - 25 - -16 - -15?
20
Calculate (3 - (-2 + (0 - (7 + -30)))) + 5.
-13
What is the value of (1 + 11 - 9) + -15?
-12
What is 7 + 7 + (-15 - 2)?
-3
3 - 4 - ((-37 - 3) + 8)
31
(-273 - -257) + 27 + -3
8
What is the value of 0 - -5 - (0 + -2 + -10 + 6)?
11
2 + -5 + 0 - (48 + -54) - 5
-2
Calculate (-3 - 1) + -53 + 57.
0
(-13 + -1 - -2 - (7 - 13)) + 2
-4
What is the value of 3 + 0 + (-4 - (-6 + 2 + 10))?
-7
What is the value of -37 + -43 + 76 - (-1 - 0 - -9)?
-12
Calculate -5 + -8 + 2 + 17 + (-2 - -33).
37
Calculate -42 - (-1 + 5) - -44.
-2
What is the value of (-20 - -2) + -19 + (-38 - -54)?
-21
Evaluate -16 - -19 - ((12 - 5 - 14) + -11).
21
Calculate (21 - 23) + -1 + -2 + (6 - 3).
-2
What is 2 - (0 + (-4 - -5)) - (-10 + 4)?
7
What is the value of 28 + (28 - (68 + -34))?
22
11 + -16 + (0 - -5)
0
Calculate 59 - -5 - (-1 + 27).
38
Calculate (5 - -5) + -9 - -3.
4
Calculate 21 - (17 + (4 - 0)) - (-5 + 0).
5
Calculate (9 - 1) + -14 + (-26 - (5 - 19)).
-18
What is 12 + -12 + 13 - 28 - (-2 + 2)?
-15
Calculate (-1 - 3 - -1) + 5 + -6.
-4
6 + -3 + (-7 - 2 - -3) - -1
-2
70 + -121 + 50 - (1 - -2)
-4
What is 1 + (2 + -5 - 0) + 6?
4
Evaluate 10 + (5 - -4) + -30 + -4 - 6.
-21
What is -4 + (-13 - 3 - -9) + 32?
21
Evaluate 3 - 2 - ((34 - 41) + (-5 - -1)).
12
Calculate 9 - (18 - 46) - 8.
29
What is -19 + (3 + 0 - ((-6 - -2) + 7))?
-19
17 + (4 - 5 - 5) + -8
3
17 - (26 + 44 + -64)
11
Calculate (15 - 9) + -1 + (2 + -2 - 6).
-1
(-8 - (10 + -21 + -5)) + (-1 - -3)
10
Calculate 21 - 2 - (-7 + 22 + -9) - 0.
13
What is the value of 8 + (-4 + 8 - 1)?
11
Calculate (-12 - 4 - -11) + 14 - 22.
-13
Evaluate 3 + 12 + (-20 + 9 - 25).
-21
Calculate -2 + -12 + 25 + (-2 - 4).
5
Calculate -48 + -20 + 10 + 50.
-8
What is -4 - -6 - (1 - -15) - (-128 + 122)?
-8
-129 + 119 + (-1 - -12)
1
-8 + 0 + (-8 - (-12 + 0 + 9))
-13
Calculate 2 + (-17 + 29 - 26).
-12
What is the value of -3 + -5 - (-10 + -2)?
4
Calculate -18 - ((-17 - 20) + -2).
21
Evaluate -23 + (40 - 55) - -75.
37
What is the value of -46 - (17 + 12 + -49)?
-26
What is the value of 2 - (-14 - (-22 - -4)) - (-3 - 1)?
2
What is 6 + -15 + -19 + 13?
-15
-1558 - -1549 - (2 + 1 + 28)
-40
What is 21 + -4 + 376 + -385?
8
-6 + 12 + -12 + -4 + -2
-12
What is (-1 + 14 - (-47 + 46)) + 5 + -7?
12
What is the value of 2 - -4 - 9 - (14 + 0 + -2)?
-15
Evaluate (-2 - (1 + 21)) + 24 + (-8 - 13).
-21
Evaluate (227 - 218) + 0 + -1.
8
What is -88 + 97 - (4 - -8)?
-3
-19 + -10 + -2 + 18 - (-5 + 0)
-8
Calculate (-11 - (1 + 1 - 13)) + 6.
6
What is -19 - (4 - (-41 + 88))?
24
Evaluate (1 - -9) + (-6 - (6 - (1 + 13))).
12
-39 - (-12 - -11) - (13 - 28)
-23
Calculate 24 + -3 + -50 + 32.
3
Evaluate 0 - -4 - (14 + -25 + 12).
3
What is -4 + (3 - (1 - -14)) + (64 - 67)?
-19
Calculate -17 + 13 - -8 - -6.
10
(-13 - (45 + -28)) + 25
-5
What is (-4 - (0 + -13)) + (-11 - -7) + 7?
12
What is -3 - ((-28 - -5) + 9) - (-6 - -3)?
14
What is the value of -3 + 3 + 200 + -212?
-12
-30 + (-26 - -66) + -18
-8
28 + 6 + -59 - 13
-38
What is 408 - 380 - (-5 + 37)?
-4
Evaluate (4 + 8 - 14) + (2 - (0 + -2)).
2
What is -24 - (6 - (2 + 11) - (-19 + 23))?
-13
What is (-9 - (3 - -3 - 12)) + (-4 - -2)?
-5
31 - (5 + 2) - -6 - 7
23
Calculate -3 + 10 + -6 + -11.
-10
-51 - (-80 + 20 - -25)
-16
-12 + 14 + -9 + -17
-24
What is the value of -22 + (-17 - (-18 - -19) - -12)?
-28
What is -47 + -5 - -8 - (19 - 29)?
-34
What is the value of (-3 + 6 + (-1 - 1) - 1) + -5?
-5
What is 6 + (2 - 3) + -7 + -8?
-10
What is -3 - -1 - (-313 + 304)?
7
Evaluate -62 + 30 - -24 - -31.
23
What is 1 - 25 - (-400 + 354)?
22
What is the value of 1 + (19 - 22 - -10)?
8
Calculate -42 - -77 - 37 - (10 + 0).
-12
-2 + -1 - (6 + -8 + -17 + 14)
2
Evaluate 9 - (39 - 14) - -18.
2
Calculate -1 + 9 - (117 + -120).
11
Calculate -20 - (27 - (18 - -6)).
-23
29 + -17 + (-16 - -13)
9
What is 8 + (1 + -6 - (-137 - -129))?
11
What is 14 + -22 - 2 - -14?
4
What is 1 + 16 + 52 + -66 + 25?
28
Evaluate 31 + -27 - (-4 - -1 - 0).
7
Calculate 46 + (-1 - (26 + -8)) - 10.
17
What is the value of 10 - -2 - (23 - (46 + -15))?
20
What is the value of (-8 - 1) + (9 + -15 - (10 + 7))?
-32
10 - (-27 + 27 - (-8 + -2 + 1))
1
Calculate -39 - (-36 + 22) - -16.
-9
-15 + (-1 - -5) + (35 - 40)
-16
Calculate (0 - 8) + (20 + -14 - -15).
13
-29 + 59 + -37 - (-17 - (-1 - -2))
11
What is -36 - -39 - (5 - 30)?
28
(20 - 3 - -5 - (-15 + 24)) + 12
25
Calculate 7 - (-10 + 13 + 7).
-3
What is -1 + -8 - (-40 - (-13 - -6) - -25)?
-1
Calculate 0 + (-33 - -2) + (-34 - -8) + 32.
-25
-15 + (-45 - (16 - 33) - -15)
-28
Evaluate -7 + -28 + 22 + 22.
9
What is the value of -5 + 12 + 1 + -8 + (-9 - -5)?
-4
Evaluate (-10 - -13) + 8 + -8.
3
5 + (-2 - (3 + (-15 - (-7 - -2))))
10
What is the value of -1 - -4 - (-57 - -67 - (1 - 0))?
-6
What is the value of (2 + (5 - 16) - -8) + (0 - 1)?
-2
What is 9 - 11 - (6 - (16 + -19))?
-11
Calculate (-44 - -55) + (6 - 4).
13
Calculate -11 + 1 + (11 + -1 - 2).
-2
What is 0 + 6 + (-88 - -86)?
4
Evaluate -1 - -14 - (30 + -26).
9
What is -2 - -11 - (4 - (-4 + 13 + -51))?
-37
Calculate -1 - ((-3 - -4) + -27 + 3).
22
Calculate 295 - 238 - (22 - -2).
33
Evaluate ((8 - 8) + 4 - 4) + -7 - -18.
11
What is (10 + (-20 - -10) - -5) + 1?
6
Calculate ((7 - 10) + 7 - 2) + -8.
-6
Calculate 17 - (27 - (9 - 17)).
-18
Calculate (3 - 30) + 6 + 8.
-13
What is -11 - ((-8 - -12) + (-1 - -4) + -13)?
-5
Evaluate 8 + -30 - (1 + -12 + 5 - -1).
-17
-20 - (-58 + 22 + 17)
-1
What is (-5 - -32) + (-7 - -13 - -5) + -6?
32
Calculate -30 + -2 - (259 + -314) - (10 + -1).
14
Calculate -12 + (-9 - -7 - -16) + -29.
-27
What is 9 - (25 + (1 - (14 + -6)))?
-9
7 + (0 - (-10 + 2 + 3) - 0)
12
Calculate 514 + -478 - (15 + -1).
22
36 + -21 - (-23 + 19)
19
Evaluate -21 + -9 - (1 - 5 - 0).
-26
Evaluate (5 - (14 + 25) - 4) + (-2 - -2).
-38
Calculate -14 - (1 + -30) - (-3 + 4 - 2).
16
5 - (5 + 1 + (14 - 30))
15
Evaluate -10 + -2 + (199 - 179).
8
Calculate -5 - -10 - (-2 + 2 - (11 - 5)).
11
What is (-8 - -14) + (1 - 18)?
-11
What is the value of 5 + -1 + -6 + 10 + 13 + 5?
26
Calculate -3 + 8 - (11 - (20 - 1)).
13
Evaluate 4 - ((-3 - -15) + 4).
-12
-25 + (0 - -1) + (-299 - -287)
-36
What is 87 - 64 - (-2 - -7 - -12)?
6
Calculate -88 - -95 - (6 + 0) - 16.
-15
What is the value of (14 - 10 - 8) + 2 + 6 + -4?
0
What is (-1 - -12) + (-5 - -12 - (-4 - -9))?
13
Calculate -5 + (-7 - (-8 + -8)) + -4 - -8.
8
(-34 - -41) + (2 - (-2 + 0))
11
Evaluate -25 + 31 - (-13 - -3).
16
Calculate (2 - 1) + 197 + -184 + -37.
-23
-8 + (-42 + (21 - 13) - -13)
-29
What is the value of -5 